{"id":9720,"date":"2016-05-05T10:53:21","date_gmt":"2016-05-05T10:53:21","guid":{"rendered":"http:\/\/firefly.evatheme.com\/demo3\/?page_id=9720"},"modified":"2020-09-10T15:36:48","modified_gmt":"2020-09-10T13:36:48","slug":"home-2","status":"publish","type":"page","link":"https:\/\/renovpinto.com\/","title":{"rendered":"Home"},"content":{"rendered":"<div class=\"wpb-content-wrapper\"><p>[vc_row full_width=\u00a0\u00bbstretch_row\u00a0\u00bb content_placement=\u00a0\u00bbmiddle\u00a0\u00bb css=\u00a0\u00bb.vc_custom_1599744908377{margin-top: -80px !important;}\u00a0\u00bb][vc_column]\n\t\t\t<!-- START Slider HOME new REVOLUTION SLIDER 6.7.37 --><p class=\"rs-p-wp-fix\"><\/p>\n\t\t\t<rs-module-wrap id=\"rev_slider_14_1_wrapper\" data-source=\"gallery\" style=\"visibility:hidden;background:transparent;padding:0;margin:0px auto;margin-top:0;margin-bottom:0;\">\n\t\t\t\t<rs-module id=\"rev_slider_14_1\" style=\"\" data-version=\"6.7.37\">\n\t\t\t\t\t<rs-slides style=\"overflow: hidden; position: absolute;\">\n\t\t\t\t\t\t<rs-slide style=\"position: absolute;\" data-key=\"rs-21\" data-title=\"Slide\" data-anim=\"ms:1000;r:0;\" data-in=\"o:0;\" data-out=\"a:false;\">\n\t\t\t\t\t\t\t<img data-opt-id=672380834  fetchpriority=\"high\" decoding=\"async\" src=\"https:\/\/mln5rhjvwcca.i.optimole.com\/w:auto\/h:auto\/q:mauto\/f:best\/https:\/\/renovpinto.com\/wp-content\/plugins\/revslider\/sr6\/assets\/assets\/dummy.png\" alt=\"\" title=\"Home\" class=\"rev-slidebg tp-rs-img rs-lazyload\" data-lazyload=\"https:\/\/mln5rhjvwcca.i.optimole.com\/w:auto\/h:auto\/q:mauto\/f:best\/https:\/\/renovpinto.com\/wp-content\/plugins\/revslider\/sr6\/assets\/assets\/transparent.png\" data-no-retina>\n\t\t\t\t\t\t\t<rs-bgvideo \n\t\t\t\t\t\t\t\tdata-video=\"w:100%;h:100%;sta:00:06;nse:false;l:true;ptimer:false;vfc:true;\"\n\t\t\t\t\t\t\t\tdata-mp4=\"\/\/renovpinto.com\/renovideo.mp4\"\n\t\t\t\t\t\t\t><\/rs-bgvideo>\n<!--\n\t\t\t\t\t\t\t--><rs-layer\n\t\t\t\t\t\t\t\tid=\"slider-14-slide-21-layer-0\" \n\t\t\t\t\t\t\t\tdata-type=\"text\"\n\t\t\t\t\t\t\t\tdata-color=\"#ffffff\"\n\t\t\t\t\t\t\t\tdata-rsp_ch=\"on\"\n\t\t\t\t\t\t\t\tdata-xy=\"x:c;xo:23px;y:216px;\"\n\t\t\t\t\t\t\t\tdata-text=\"w:normal;s:61;a:center;\"\n\t\t\t\t\t\t\t\tdata-dim=\"w:1068px;h:73px;\"\n\t\t\t\t\t\t\t\tdata-frame_999=\"o:0;st:w;\"\n\t\t\t\t\t\t\t\tstyle=\"z-index:5;font-family:'Roboto';\"\n\t\t\t\t\t\t\t>Entreprise g\u00e9n\u00e9rale de Construction \n\t\t\t\t\t\t\t<\/rs-layer><!--\n\n\t\t\t\t\t\t\t--><rs-layer\n\t\t\t\t\t\t\t\tid=\"slider-14-slide-21-layer-1\" \n\t\t\t\t\t\t\t\tdata-type=\"text\"\n\t\t\t\t\t\t\t\tdata-color=\"#ffffff\"\n\t\t\t\t\t\t\t\tdata-rsp_ch=\"on\"\n\t\t\t\t\t\t\t\tdata-xy=\"x:c;y:314px;\"\n\t\t\t\t\t\t\t\tdata-text=\"w:normal;s:32;\"\n\t\t\t\t\t\t\t\tdata-frame_999=\"o:0;st:w;\"\n\t\t\t\t\t\t\t\tstyle=\"z-index:6;font-family:'Roboto';\"\n\t\t\t\t\t\t\t>\u00e0 Bruxelles et toute la Belgique \n\t\t\t\t\t\t\t<\/rs-layer><!--\n-->\t\t\t\t\t<\/rs-slide>\n\t\t\t\t\t<\/rs-slides>\n\t\t\t\t<\/rs-module>\n\t\t\t\t<script>\n\t\t\t\t\tsetREVStartSize({c: 'rev_slider_14_1',rl:[1240,1024,778,480],el:[600],gw:[1240],gh:[600],type:'standard',justify:'',layout:'fullwidth',mh:\"0\"});if (window.RS_MODULES!==undefined && window.RS_MODULES.modules!==undefined && window.RS_MODULES.modules[\"revslider141\"]!==undefined) {window.RS_MODULES.modules[\"revslider141\"].once = false;window.revapi14 = undefined;if (window.RS_MODULES.checkMinimal!==undefined) window.RS_MODULES.checkMinimal()}\n\t\t\t\t<\/script>\n\t\t\t<\/rs-module-wrap>\n\t\t\t<!-- END REVOLUTION SLIDER -->\n[\/vc_column][\/vc_row][vc_row bg_type=\u00a0\u00bbbg_color\u00a0\u00bb bg_color_value=\u00a0\u00bb#ffffff\u00a0\u00bb css=\u00a0\u00bb.vc_custom_1599744996253{margin-bottom: 0px !important;border-top-width: -150px !important;padding-right: 60px !important;padding-bottom: 40px !important;padding-left: 60px !important;}\u00a0\u00bb][vc_column width=\u00a0\u00bb2\/3&Prime; css=\u00a0\u00bb.vc_custom_1462450573631{padding-right: 40px !important;}\u00a0\u00bb][vc_column_text]<\/p>\n<h4><strong>RenovPinto<\/strong>, une <strong>entreprise g\u00e9n\u00e9rale de construction<\/strong> du b\u00e2timent qui intervient\u00a0\u00e0 <strong>Bruxelles et partout en\u00a0Belgique<\/strong>, nous ma\u00eetrisons une large palette de savoir-faire aussi bien dans le <strong>domaine public<\/strong> que <strong>priv\u00e9<\/strong>.<\/h4>\n<p>[\/vc_column_text][vc_row_inner css=\u00a0\u00bb.vc_custom_1462450587056{padding-right: 40px !important;}\u00a0\u00bb][vc_column_inner width=\u00a0\u00bb1\/2&Prime;][vc_column_text]Notre Soci\u00e9t\u00e9 est sp\u00e9cialis\u00e9e dans les domaines de la <strong>construction<\/strong> , du <strong>gros-\u0153uvre<\/strong>, de la <strong>r\u00e9novation<\/strong>, de la <strong>transformation<\/strong> et de l&rsquo;<strong>am\u00e9nagement<\/strong> <strong>interieur &amp; ext\u00e9rieur<\/strong>\u00a0de vos biens , Nous nous faisons un devoir d\u2019\u00eatre <strong>\u00e0 l\u2019\u00e9coute de vos besoins<\/strong> afin de respecter vos exigences afin d&rsquo;<strong>atteindre votre enti\u00e8re satisfaction<\/strong> ![\/vc_column_text]<div class=\" ubtn-ctn-left \"><a class=\"ubtn-link ult-adjust-bottom-margin ubtn-left ubtn-custom \"  rel='' href = \"http:\/\/renovpinto.com\/index.php\/services\/\" target='_blank'><button type=\"button\" id=\"ubtn-4174\" class=\"ubtn ult-adjust-bottom-margin ult-responsive ubtn-custom ubtn-no-hover-bg  none  ubtn-sep-icon ubtn-sep-icon-top-push  ubtn-left   tooltip-69f348d098c04\"  data-hover=\"#333333\" data-border-color=\"rgba(51,51,51,0.2)\" data-bg=\"#ffffff\" data-hover-bg=\"#9d1b39\" data-border-hover=\"#a01831\" data-shadow-hover=\"\" data-shadow-click=\"none\" data-shadow=\"\" data-shd-shadow=\"\"  data-ultimate-target='#ubtn-4174'  data-responsive-json-new='{\"font-size\":\"desktop:11px;\",\"line-height\":\"\"}'  style=\"font-weight:bold;width:270px;min-height:70px;padding:10px 20px;border-radius:1px;border-width:1px;border-color:rgba(51,51,51,0.2);border-style:solid;background: #ffffff;color: rgba(51,51,51,0.32);\"><span class=\"ubtn-data ubtn-icon\"><i class=\"Evatheme-Icon-Fonts-thin-0073_documents_files_paper_text_archive_copy\" style=\"font-size:32px;color:#ffffff;\"><\/i><\/span><span class=\"ubtn-hover\" style=\"background-color:#9d1b39\"><\/span><span class=\"ubtn-data ubtn-text \" >Plus d&#039;information<\/span><\/button><\/a><\/div>[\/vc_column_inner][vc_column_inner width=\u00a0\u00bb1\/2&Prime;][vc_column_text]<strong>RenovPinto est l\u00e0 solution !<\/strong> Notre entreprise familiale est depuis plus de 15 ans au service des particuliers, des professionnels et des collectivit\u00e9s qui souhaitent faire r\u00e9aliser leurs<strong> travaux en toute tranquillit\u00e9<\/strong>. Nous vous proposons une <strong>estimation gratuit<\/strong> , afin que vous puissiez avoir une <strong>premi\u00e8re approche<\/strong> de co\u00fbt de vos <strong>futurs\u00a0travaux<\/strong>.[\/vc_column_text]<div class=\" ubtn-ctn-left \"><a class=\"ubtn-link ult-adjust-bottom-margin ubtn-left ubtn-custom \"  rel='' href = \"http:\/\/renovpinto.com\/index.php\/contact-us\/\" ><button type=\"button\" id=\"ubtn-2410\" class=\"ubtn ult-adjust-bottom-margin ult-responsive ubtn-custom ubtn-no-hover-bg  none  ubtn-sep-icon ubtn-sep-icon-top-push  ubtn-left   tooltip-69f348d098cb6\"  data-hover=\"#333333\" data-border-color=\"rgba(51,51,51,0.2)\" data-bg=\"#ffffff\" data-hover-bg=\"#9d1b39\" data-border-hover=\"#9d1b39\" data-shadow-hover=\"\" data-shadow-click=\"none\" data-shadow=\"\" data-shd-shadow=\"\"  data-ultimate-target='#ubtn-2410'  data-responsive-json-new='{\"font-size\":\"desktop:11px;\",\"line-height\":\"\"}'  style=\"font-weight:bold;width:270px;min-height:70px;padding:10px 20px;border-radius:1px;border-width:1px;border-color:rgba(51,51,51,0.2);border-style:solid;background: #ffffff;color: rgba(51,51,51,0.32);\"><span class=\"ubtn-data ubtn-icon\"><i class=\"Evatheme-Icon-Fonts-thin-0314_email_mail_post_card\" style=\"font-size:32px;color:#ffffff;\"><\/i><\/span><span class=\"ubtn-hover\" style=\"background-color:#9d1b39\"><\/span><span class=\"ubtn-data ubtn-text \" >Devis Gratuit<\/span><\/button><\/a><\/div>[\/vc_column_inner][\/vc_row_inner][\/vc_column][vc_column width=\u00a0\u00bb1\/3&Prime;][vc_single_image image=\u00a0\u00bb10355&Prime; img_size=\u00a0\u00bbfull\u00a0\u00bb][\/vc_column][\/vc_row][vc_row full_width=\u00a0\u00bbstretch_row_content_no_spaces\u00a0\u00bb css=\u00a0\u00bb.vc_custom_1462711611941{margin-top: 0px !important;margin-bottom: 0px !important;padding-top: 0px !important;padding-bottom: 0px !important;}\u00a0\u00bb][vc_column width=\u00a0\u00bb1\/3&Prime; css=\u00a0\u00bb.vc_custom_1462966863968{padding-top: 0px !important;}\u00a0\u00bb]<div class=\"ult-new-ib ult-ib-effect-style2  ult-ib-resp  \" data-min-width=\"768\" data-max-width=\"900\" style=\"background:#a01831;\" data-opacity=\"0.8\" data-hover-opacity=\"0\" ><img data-opt-id=1345480257  fetchpriority=\"high\" decoding=\"async\" class=\"ult-new-ib-img\" style=\"opacity:0.8;\" alt=\"null\" src=\"https:\/\/mln5rhjvwcca.i.optimole.com\/w:auto\/h:auto\/q:mauto\/f:best\/https:\/\/renovpinto.com\/wp-content\/uploads\/2016\/05\/interieru.jpg\"   \/><div id=\"interactive-banner-wrap-1973\" class=\"ult-new-ib-desc\" style=\"\"><h2 class=\"ult-new-ib-title ult-responsive\"  data-ultimate-target='#interactive-banner-wrap-1973 .ult-new-ib-title'  data-responsive-json-new='{\"font-size\":\"desktop:14px;\",\"line-height\":\"desktop:26px;\"}'  style=\"font-weight:bold;color:#ffffff;\">RENOVATION INTERIEUR<\/h2><div class=\"ult-new-ib-content ult-responsive\"  data-ultimate-target='#interactive-banner-wrap-1973 .ult-new-ib-content'  data-responsive-json-new='{\"font-size\":\"desktop:12px;\",\"line-height\":\"desktop:20px;\"}'  style=\"font-weight:normal;color:rgba(255,255,255,0.35);\"><p>Photo Travaux <\/p><\/div><\/div><a class=\"ult-new-ib-link\" href=\"http:\/\/renovpinto.com\/index.php\/photochantier\"   ><\/a><\/div><script type=\"text\/javascript\">\r\n\t\t\t(function($){\r\n\t\t\t\t$(document).ready(function(){\r\n\t\t\t\t\t$(\".ult-new-ib\").css(\"opacity\",\"1\");\r\n\t\t\t\t});\r\n\t\t\t})(jQuery);\r\n\t\t\t<\/script>[\/vc_column][vc_column width=\u00a0\u00bb1\/3&Prime; css=\u00a0\u00bb.vc_custom_1462966881701{padding-top: 0px !important;}\u00a0\u00bb]<div class=\"ult-new-ib ult-ib-effect-style2  ult-ib-resp  \" data-min-width=\"768\" data-max-width=\"900\" style=\"background:#a01831;\" data-opacity=\"0.8\" data-hover-opacity=\"0\" ><img data-opt-id=936393143  fetchpriority=\"high\" decoding=\"async\" class=\"ult-new-ib-img\" style=\"opacity:0.8;\" alt=\"null\" src=\"https:\/\/mln5rhjvwcca.i.optimole.com\/w:auto\/h:auto\/q:mauto\/f:best\/https:\/\/renovpinto.com\/wp-content\/uploads\/2016\/05\/exterieur.jpg\"   \/><div id=\"interactive-banner-wrap-3633\" class=\"ult-new-ib-desc\" style=\"\"><h2 class=\"ult-new-ib-title ult-responsive\"  data-ultimate-target='#interactive-banner-wrap-3633 .ult-new-ib-title'  data-responsive-json-new='{\"font-size\":\"desktop:14px;\",\"line-height\":\"desktop:26px;\"}'  style=\"font-weight:bold;color:#ffffff;\">RENOVATION EXTERIEUR<\/h2><div class=\"ult-new-ib-content ult-responsive\"  data-ultimate-target='#interactive-banner-wrap-3633 .ult-new-ib-content'  data-responsive-json-new='{\"font-size\":\"desktop:12px;\",\"line-height\":\"desktop:20px;\"}'  style=\"font-weight:normal;color:rgba(255,255,255,0.35);\"><p>More information<\/p><\/div><\/div><a class=\"ult-new-ib-link\" href=\"http:\/\/renovpinto.com\/index.php\/photochantier\"   ><\/a><\/div><script type=\"text\/javascript\">\r\n\t\t\t(function($){\r\n\t\t\t\t$(document).ready(function(){\r\n\t\t\t\t\t$(\".ult-new-ib\").css(\"opacity\",\"1\");\r\n\t\t\t\t});\r\n\t\t\t})(jQuery);\r\n\t\t\t<\/script>[\/vc_column][vc_column width=\u00a0\u00bb1\/3&Prime; css=\u00a0\u00bb.vc_custom_1462966886479{padding-top: 0px !important;}\u00a0\u00bb]<div class=\"ult-new-ib ult-ib-effect-style2  ult-ib-resp  \" data-min-width=\"768\" data-max-width=\"900\" style=\"background:#a01831;\" data-opacity=\"0.8\" data-hover-opacity=\"0\" ><img data-opt-id=1418236124  data-opt-src=\"https:\/\/mln5rhjvwcca.i.optimole.com\/w:auto\/h:auto\/q:mauto\/f:best\/https:\/\/renovpinto.com\/wp-content\/uploads\/2016\/05\/divers.jpg\"  decoding=\"async\" class=\"ult-new-ib-img\" style=\"opacity:0.8;\" alt=\"null\" src=\"data:image/svg+xml,%3Csvg%20viewBox%3D%220%200%20100%%20100%%22%20width%3D%22100%%22%20height%3D%22100%%22%20xmlns%3D%22http%3A%2F%2Fwww.w3.org%2F2000%2Fsvg%22%3E%3Crect%20width%3D%22100%%22%20height%3D%22100%%22%20fill%3D%22transparent%22%2F%3E%3C%2Fsvg%3E\"   \/><div id=\"interactive-banner-wrap-1246\" class=\"ult-new-ib-desc\" style=\"\"><h2 class=\"ult-new-ib-title ult-responsive\"  data-ultimate-target='#interactive-banner-wrap-1246 .ult-new-ib-title'  data-responsive-json-new='{\"font-size\":\"desktop:14px;\",\"line-height\":\"desktop:26px;\"}'  style=\"font-weight:bold;color:#ffffff;\">TRAVAUX DIVERS<\/h2><div class=\"ult-new-ib-content ult-responsive\"  data-ultimate-target='#interactive-banner-wrap-1246 .ult-new-ib-content'  data-responsive-json-new='{\"font-size\":\"desktop:12px;\",\"line-height\":\"desktop:20px;\"}'  style=\"font-weight:normal;color:rgba(255,255,255,0.35);\"><p>More information<\/p><\/div><\/div><a class=\"ult-new-ib-link\" href=\"http:\/\/renovpinto.com\/index.php\/photochantier\"   ><\/a><\/div><script type=\"text\/javascript\">\r\n\t\t\t(function($){\r\n\t\t\t\t$(document).ready(function(){\r\n\t\t\t\t\t$(\".ult-new-ib\").css(\"opacity\",\"1\");\r\n\t\t\t\t});\r\n\t\t\t})(jQuery);\r\n\t\t\t<\/script>[\/vc_column][\/vc_row][vc_row css=\u00a0\u00bb.vc_custom_1462462731919{margin-top: 0px !important;margin-bottom: 0px !important;padding-top: 90px !important;padding-bottom: 60px !important;}\u00a0\u00bb][vc_column][vc_row_inner][vc_column_inner]<div id=\"ultimate-heading-954369f348d09912e\" class=\"uvc-heading ult-adjust-bottom-margin ultimate-heading-954369f348d09912e uvc-1914 \" data-hspacer=\"no_spacer\"  data-halign=\"center\" style=\"text-align:center\"><div class=\"uvc-heading-spacer no_spacer\" style=\"top\"><\/div><div class=\"uvc-sub-heading ult-responsive\"  data-ultimate-target='.uvc-heading.ultimate-heading-954369f348d09912e .uvc-sub-heading '  data-responsive-json-new='{\"font-size\":\"desktop:24px;\",\"line-height\":\"desktop:40px;\"}'  style=\"font-weight:bold;color:#333333;margin-bottom:40px;\">NOS ATOUTS:<\/div><\/div>[vc_separator][\/vc_column_inner][\/vc_row_inner][vc_row_inner][vc_column_inner width=\u00a0\u00bb1\/4&Prime;]<div class=\"aio-icon-component    style_1\"><div id=\"Info-box-wrap-2246\" class=\"aio-icon-box left-icon\" style=\"\"  ><div class=\"aio-icon-left\"><div class=\"ult-just-icon-wrapper  \"><div class=\"align-icon\" style=\"text-align:center;\">\n<div class=\"aio-icon none \"  style=\"color:rgba(51,51,51,0.3);font-size:48px;display:inline-block;\">\n\t<i class=\"Evatheme-Icon-Fonts-thin-0661_like_thumb_up_vote\"><\/i>\n<\/div><\/div><\/div><\/div><div class=\"aio-ibd-block\"><div class=\"aio-icon-header\" ><h3 class=\"aio-icon-title ult-responsive\"  data-ultimate-target='#Info-box-wrap-2246 .aio-icon-title'  data-responsive-json-new='{\"font-size\":\"desktop:16px;\",\"line-height\":\"desktop:26px;\"}'  style=\"color:#333333;\">Travail soign\u00e9 et de qualit\u00e9<\/h3><\/div> <!-- header --><\/div> <!-- aio-ibd-block --><\/div> <!-- aio-icon-box --><\/div> <!-- aio-icon-component --><div class=\"aio-icon-component    style_1\"><div id=\"Info-box-wrap-8185\" class=\"aio-icon-box left-icon\" style=\"\"  ><div class=\"aio-icon-left\"><div class=\"ult-just-icon-wrapper  \"><div class=\"align-icon\" style=\"text-align:center;\">\n<div class=\"aio-icon none \"  style=\"color:rgba(51,51,51,0.3);font-size:48px;display:inline-block;\">\n\t<i class=\"Evatheme-Icon-Fonts-thin-0666_award_achievement_prize_medal\"><\/i>\n<\/div><\/div><\/div><\/div><div class=\"aio-ibd-block\"><div class=\"aio-icon-header\" ><h3 class=\"aio-icon-title ult-responsive\"  data-ultimate-target='#Info-box-wrap-8185 .aio-icon-title'  data-responsive-json-new='{\"font-size\":\"desktop:16px;\",\"line-height\":\"desktop:26px;\"}'  style=\"color:#333333;\">Satisfaction du client<\/h3><\/div> <!-- header --><\/div> <!-- aio-ibd-block --><\/div> <!-- aio-icon-box --><\/div> <!-- aio-icon-component -->[\/vc_column_inner][vc_column_inner width=\u00a0\u00bb1\/4&Prime;]<div class=\"aio-icon-component    style_1\"><div id=\"Info-box-wrap-9255\" class=\"aio-icon-box left-icon\" style=\"\"  ><div class=\"aio-icon-left\"><div class=\"ult-just-icon-wrapper  \"><div class=\"align-icon\" style=\"text-align:center;\">\n<div class=\"aio-icon none \"  style=\"color:rgba(51,51,51,0.3);font-size:48px;display:inline-block;\">\n\t<i class=\"Evatheme-Icon-Fonts-thin-0438_tag_price_sale_discount\"><\/i>\n<\/div><\/div><\/div><\/div><div class=\"aio-ibd-block\"><div class=\"aio-icon-header\" ><h3 class=\"aio-icon-title ult-responsive\"  data-ultimate-target='#Info-box-wrap-9255 .aio-icon-title'  data-responsive-json-new='{\"font-size\":\"desktop:16px;\",\"line-height\":\"desktop:26px;\"}'  style=\"color:#333333;\">Optimisation du budget<\/h3><\/div> <!-- header --><\/div> <!-- aio-ibd-block --><\/div> <!-- aio-icon-box --><\/div> <!-- aio-icon-component --><div class=\"aio-icon-component    style_1\"><div id=\"Info-box-wrap-7891\" class=\"aio-icon-box left-icon\" style=\"\"  ><div class=\"aio-icon-left\"><div class=\"ult-just-icon-wrapper  \"><div class=\"align-icon\" style=\"text-align:center;\">\n<div class=\"aio-icon none \"  style=\"color:rgba(51,51,51,0.3);font-size:48px;display:inline-block;\">\n\t<i class=\"Evatheme-Icon-Fonts-thin-0687_pantone_color_guide_samples_book\"><\/i>\n<\/div><\/div><\/div><\/div><div class=\"aio-ibd-block\"><div class=\"aio-icon-header\" ><h3 class=\"aio-icon-title ult-responsive\"  data-ultimate-target='#Info-box-wrap-7891 .aio-icon-title'  data-responsive-json-new='{\"font-size\":\"desktop:16px;\",\"line-height\":\"desktop:26px;\"}'  style=\"color:#333333;\">Materiaux de qualit\u00e9<\/h3><\/div> <!-- header --><\/div> <!-- aio-ibd-block --><\/div> <!-- aio-icon-box --><\/div> <!-- aio-icon-component -->[\/vc_column_inner][vc_column_inner width=\u00a0\u00bb1\/4&Prime;]<div class=\"aio-icon-component    style_1\"><div id=\"Info-box-wrap-2530\" class=\"aio-icon-box left-icon\" style=\"\"  ><div class=\"aio-icon-left\"><div class=\"ult-just-icon-wrapper  \"><div class=\"align-icon\" style=\"text-align:center;\">\n<div class=\"aio-icon none \"  style=\"color:rgba(51,51,51,0.3);font-size:48px;display:inline-block;\">\n\t<i class=\"Evatheme-Icon-Fonts-thin-0379_business_suitcase\"><\/i>\n<\/div><\/div><\/div><\/div><div class=\"aio-ibd-block\"><div class=\"aio-icon-header\" ><h3 class=\"aio-icon-title ult-responsive\"  data-ultimate-target='#Info-box-wrap-2530 .aio-icon-title'  data-responsive-json-new='{\"font-size\":\"desktop:16px;\",\"line-height\":\"desktop:26px;\"}'  style=\"color:#333333;\">Exp\u00e9riment\u00e9<\/h3><\/div> <!-- header --><div class=\"aio-icon-description ult-responsive\"  data-ultimate-target='#Info-box-wrap-2530 .aio-icon-description'  data-responsive-json-new='{\"font-size\":\"desktop:12px;\",\"line-height\":\"desktop:20px;\"}'  style=\"color:rgba(51,51,51,0.6);\">Plus de 15 ans d&rsquo;exp\u00e9rience.<\/div> <!-- description --><\/div> <!-- aio-ibd-block --><\/div> <!-- aio-icon-box --><\/div> <!-- aio-icon-component --><div class=\"aio-icon-component    style_1\"><div id=\"Info-box-wrap-4576\" class=\"aio-icon-box left-icon\" style=\"\"  ><div class=\"aio-icon-left\"><div class=\"ult-just-icon-wrapper  \"><div class=\"align-icon\" style=\"text-align:center;\">\n<div class=\"aio-icon none \"  style=\"color:rgba(51,51,51,0.3);font-size:48px;display:inline-block;\">\n\t<i class=\"Defaults-calendar-o\"><\/i>\n<\/div><\/div><\/div><\/div><div class=\"aio-ibd-block\"><div class=\"aio-icon-header\" ><h3 class=\"aio-icon-title ult-responsive\"  data-ultimate-target='#Info-box-wrap-4576 .aio-icon-title'  data-responsive-json-new='{\"font-size\":\"desktop:16px;\",\"line-height\":\"desktop:26px;\"}'  style=\"color:#333333;\">D\u00e9lais respect\u00e9s<\/h3><\/div> <!-- header --><\/div> <!-- aio-ibd-block --><\/div> <!-- aio-icon-box --><\/div> <!-- aio-icon-component -->[\/vc_column_inner][vc_column_inner width=\u00a0\u00bb1\/4&Prime;]<div class=\"aio-icon-component    style_1\"><div id=\"Info-box-wrap-1380\" class=\"aio-icon-box left-icon\" style=\"\"  ><div class=\"aio-icon-left\"><div class=\"ult-just-icon-wrapper  \"><div class=\"align-icon\" style=\"text-align:center;\">\n<div class=\"aio-icon none \"  style=\"color:rgba(51,51,51,0.3);font-size:48px;display:inline-block;\">\n\t<i class=\"Evatheme-Icon-Fonts-thin-0455_delivery_van_shipping\"><\/i>\n<\/div><\/div><\/div><\/div><div class=\"aio-ibd-block\"><div class=\"aio-icon-header\" ><h3 class=\"aio-icon-title ult-responsive\"  data-ultimate-target='#Info-box-wrap-1380 .aio-icon-title'  data-responsive-json-new='{\"font-size\":\"desktop:16px;\",\"line-height\":\"desktop:26px;\"}'  style=\"color:#333333;\">D\u00e9placement dans Bruxelles et les alentours\u2026<\/h3><\/div> <!-- header --><\/div> <!-- aio-ibd-block --><\/div> <!-- aio-icon-box --><\/div> <!-- aio-icon-component --><div class=\"aio-icon-component    style_1\"><div id=\"Info-box-wrap-1486\" class=\"aio-icon-box left-icon\" style=\"\"  ><div class=\"aio-icon-left\"><div class=\"ult-just-icon-wrapper  \"><div class=\"align-icon\" style=\"text-align:center;\">\n<div class=\"aio-icon none \"  style=\"color:rgba(51,51,51,0.3);font-size:48px;display:inline-block;\">\n\t<i class=\"Evatheme-Icon-Fonts-thin-0689_paint_bucket_color\"><\/i>\n<\/div><\/div><\/div><\/div><div class=\"aio-ibd-block\"><div class=\"aio-icon-header\" ><h3 class=\"aio-icon-title ult-responsive\"  data-ultimate-target='#Info-box-wrap-1486 .aio-icon-title'  data-responsive-json-new='{\"font-size\":\"desktop:16px;\",\"line-height\":\"desktop:26px;\"}'  style=\"color:#333333;\">Conseils personnalis\u00e9s<\/h3><\/div> <!-- header --><\/div> <!-- aio-ibd-block --><\/div> <!-- aio-icon-box --><\/div> <!-- aio-icon-component -->[\/vc_column_inner][\/vc_row_inner][\/vc_column][\/vc_row][vc_row equal_height=\u00a0\u00bbyes\u00a0\u00bb bg_type=\u00a0\u00bbimage\u00a0\u00bb parallax_style=\u00a0\u00bbvcpb-vz-jquery\u00a0\u00bb bg_image_new=\u00a0\u00bbid^10377|url^http:\/\/renovpinto.com\/wp-content\/uploads\/2016\/05\/back.jpg|caption^null|alt^null|title^back|description^null\u00a0\u00bb parallax_sense=\u00a0\u00bb25&Prime; bg_override=\u00a0\u00bbfull\u00a0\u00bb css=\u00a0\u00bb.vc_custom_1599741986652{margin-top: 0px !important;margin-bottom: -80px !important;padding-top: 150px !important;padding-bottom: 150px !important;}\u00a0\u00bb][vc_column width=\u00a0\u00bb1\/2&Prime;]<div id=\"ultimate-heading-29969f348d0994ff\" class=\"uvc-heading ult-adjust-bottom-margin ultimate-heading-29969f348d0994ff uvc-5503 \" data-hspacer=\"no_spacer\"  data-halign=\"left\" style=\"text-align:left\"><div class=\"uvc-heading-spacer no_spacer\" style=\"top\"><\/div><div class=\"uvc-main-heading ult-responsive\"  data-ultimate-target='.uvc-heading.ultimate-heading-29969f348d0994ff h2'  data-responsive-json-new='{\"font-size\":\"desktop:18px;\",\"line-height\":\"desktop:26px;\"}' ><h2 style=\"font-weight:normal;color:#a01831;margin-bottom:10px;\">Besoin de nos Services ? <\/h2><\/div><div class=\"uvc-sub-heading ult-responsive\"  data-ultimate-target='.uvc-heading.ultimate-heading-29969f348d0994ff .uvc-sub-heading '  data-responsive-json-new='{\"font-size\":\"desktop:50px;\",\"line-height\":\"desktop:60px;\"}'  style=\"font-weight:bold;color:#ffffff;margin-bottom:40px;\">N&rsquo;h\u00e9site pas\u00a0\u00e0 nous contactez pour plus d&rsquo;information !<\/div><\/div>[\/vc_column][vc_column width=\u00a0\u00bb1\/2&Prime;]<div class=\" vc_custom_1487084408813 ubtn-ctn-right \"><a class=\"ubtn-link ult-adjust-bottom-margin ubtn-right ubtn-custom \"  rel='' href = \"http:\/\/renovpinto.com\/index.php\/contact-us\/\" ><button type=\"button\" id=\"ubtn-2382\" class=\"ubtn ult-adjust-bottom-margin ult-responsive ubtn-custom ubtn-no-hover-bg  none  ubtn-sep-icon ubtn-sep-icon-top-push  ubtn-right   tooltip-69f348d099529\"  data-hover=\"#ffffff\" data-border-color=\"#a01831\" data-bg=\"\" data-hover-bg=\"#a01831\" data-border-hover=\"\" data-shadow-hover=\"\" data-shadow-click=\"none\" data-shadow=\"\" data-shd-shadow=\"\"  data-ultimate-target='#ubtn-2382'  data-responsive-json-new='{\"font-size\":\"desktop:13px;\",\"line-height\":\"\"}'  style=\"font-weight:bold;width:270px;min-height:70px;padding:10px 20px;border-radius:1px;border-width:1px;border-color:#a01831;border-style:solid;color: #ffffff;\"><span class=\"ubtn-data ubtn-icon\"><i class=\"Evatheme-Icon-Fonts-thin-0319_email_mail_post_card\" style=\"font-size:32px;color:#;\"><\/i><\/span><span class=\"ubtn-hover\" style=\"background-color:#a01831\"><\/span><span class=\"ubtn-data ubtn-text \" >CONTACTEZ-NOUS <\/span><\/button><\/a><\/div>[\/vc_column][\/vc_row]<\/p>\n<\/div>","protected":false},"excerpt":{"rendered":"<p>[vc_row full_width=\u00a0\u00bbstretch_row\u00a0\u00bb content_placement=\u00a0\u00bbmiddle\u00a0\u00bb css=\u00a0\u00bb.vc_custom_1599744908377{margin-top: -80px !important;}\u00a0\u00bb][vc_column][\/vc_column][\/vc_row][vc_row bg_type=\u00a0\u00bbbg_color\u00a0\u00bb bg_color_value=\u00a0\u00bb#ffffff\u00a0\u00bb css=\u00a0\u00bb.vc_custom_1599744996253{margin-bottom: 0px !important;border-top-width: -150px !important;padding-right: 60px !important;padding-bottom: 40px !important;padding-left: 60px !important;}\u00a0\u00bb][vc_column width=\u00a0\u00bb2\/3&Prime; css=\u00a0\u00bb.vc_custom_1462450573631{padding-right: 40px !important;}\u00a0\u00bb][vc_column_text] RenovPinto, une entreprise g\u00e9n\u00e9rale de construction du b\u00e2timent qui intervient\u00a0\u00e0 Bruxelles et partout en\u00a0Belgique, nous ma\u00eetrisons une large palette de savoir-faire aussi bien dans le domaine public que priv\u00e9. [\/vc_column_text][vc_row_inner css=\u00a0\u00bb.vc_custom_1462450587056{padding-right: 40px [&hellip;]<\/p>\n","protected":false},"author":1,"featured_media":0,"parent":0,"menu_order":0,"comment_status":"closed","ping_status":"closed","template":"","meta":{"footnotes":""},"class_list":["post-9720","page","type-page","status-publish","hentry"],"_links":{"self":[{"href":"https:\/\/renovpinto.com\/index.php\/wp-json\/wp\/v2\/pages\/9720","targetHints":{"allow":["GET"]}}],"collection":[{"href":"https:\/\/renovpinto.com\/index.php\/wp-json\/wp\/v2\/pages"}],"about":[{"href":"https:\/\/renovpinto.com\/index.php\/wp-json\/wp\/v2\/types\/page"}],"author":[{"embeddable":true,"href":"https:\/\/renovpinto.com\/index.php\/wp-json\/wp\/v2\/users\/1"}],"replies":[{"embeddable":true,"href":"https:\/\/renovpinto.com\/index.php\/wp-json\/wp\/v2\/comments?post=9720"}],"version-history":[{"count":10,"href":"https:\/\/renovpinto.com\/index.php\/wp-json\/wp\/v2\/pages\/9720\/revisions"}],"predecessor-version":[{"id":10651,"href":"https:\/\/renovpinto.com\/index.php\/wp-json\/wp\/v2\/pages\/9720\/revisions\/10651"}],"wp:attachment":[{"href":"https:\/\/renovpinto.com\/index.php\/wp-json\/wp\/v2\/media?parent=9720"}],"curies":[{"name":"wp","href":"https:\/\/api.w.org\/{rel}","templated":true}]}}